42?
6
What is the greatest common divisor of 4233 and 83?
83
What is the greatest common factor of 836 and 228?
76
Calculate the greatest common divisor of 3103 and 116.
29
What is the highest common divisor of 159 and 9?
3
Calculate the greatest common divisor of 3422 and 1102.
58
Calculate the highest common factor of 6 and 50.
2
What is the highest common factor of 1512 and 14?
14
Calculate the greatest common divisor of 23412 and 24.
12
What is the greatest common factor of 10 and 18?
2
Calculate the highest common factor of 40 and 140.
20
Calculate the greatest common factor of 234 and 663.
39
Calculate the highest common factor of 22 and 2662.
22
What is the highest common factor of 204 and 1785?
51
What is the highest common divisor of 51 and 238?
17
What is the greatest common factor of 166 and 166?
166
What is the greatest common factor of 25 and 25?
25
What is the highest common divisor of 81 and 567?
81
What is the highest common factor of 8 and 4448?
8
What is the greatest common divisor of 25 and 1315?
5
What is the greatest common divisor of 2278 and 134?
134
What is the greatest common divisor of 4 and 4?
4
Calculate the greatest common divisor of 826 and 350.
14
What is the greatest common divisor of 89 and 89?
89
Calculate the highest common divisor of 70 and 14.
14
What is the highest common factor of 10 and 26?
2
What is the highest common divisor of 71 and 7029?
71
What is the highest common divisor of 5 and 64?
1
Calculate the highest common divisor of 810 and 1980.
90
What is the highest common divisor of 15 and 15?
15
What is the highest common divisor of 2387 and 31?
31
What is the greatest common divisor of 39 and 63?
3
What is the highest common divisor of 24 and 1068?
12
Calculate the greatest common factor of 10 and 275.
5
What is the greatest common divisor of 10284 and 36?
12
Calculate the highest common factor of 42 and 24.
6
What is the highest common factor of 57 and 7220?
19
What is the greatest common factor of 21 and 413?
7
Calculate the greatest common factor of 902 and 164.
82
What is the highest common factor of 69 and 23?
23
Calculate the highest common factor of 299 and 78.
13
What is the greatest common divisor of 195 and 156?
39
Calculate the greatest common factor of 138 and 69.
69
What is the highest common divisor of 12 and 2148?
12
Calculate the highest common divisor of 5809 and 628.
157
What is the highest common factor of 1682 and 58?
58
What is the highest common divisor of 611 and 52?
13
Calculate the highest common factor of 12600 and 72.
72
Calculate the greatest common factor of 4270 and 70.
70
Calculate the greatest common divisor of 8022 and 42.
42
What is the highest common factor of 960 and 105?
15
What is the highest common factor of 108 and 126?
18
Calculate the greatest common factor of 833 and 49.
49
Calculate the highest common divisor of 350 and 112.
14
Calculate the greatest common factor of 1339 and 1133.
103
What is the greatest common factor of 672 and 864?
96
What is the highest common divisor of 17 and 5899?
17
What is the greatest common factor of 5 and 355?
5
Calculate the greatest common factor of 1729 and 315.
7
What is the highest common divisor of 430 and 645?
215
Calculate the greatest common divisor of 65 and 3809.
13
Calculate the greatest common factor of 5875 and 47.
47
Calculate the highest common divisor of 1140 and 5244.
228
What is the highest common divisor of 124 and 1209?
31
Calculate the greatest common divisor of 2 and 45.
1
What is the greatest common factor of 1575 and 2325?
75
What is the highest common divisor of 64 and 4800?
64
Calculate the greatest common factor of 110 and 66.
22
Calculate the highest common divisor of 726 and 330.
66
Calculate the highest common divisor of 28 and 128.
4
Calculate the greatest common factor of 13612 and 287.
41
What is the greatest common divisor of 7222 and 46?
46
What is the greatest common factor of 39 and 897?
39
What is the greatest common divisor of 68 and 1802?
34
Calculate the highest common factor of 1296 and 6912.
432
What is the highest common factor of 29 and 493?
29
What is the highest common factor of 1940 and 30?
10
Calculate the highest common divisor of 4 and 158.
2
What is the greatest common divisor of 11869 and 415?
83
What is the highest common divisor of 580 and 20?
20
What is the highest common factor of 1485 and 945?
135
Calculate the greatest common factor of 168 and 264.
24
Calculate the greatest common factor of 132 and 58938.
66
Calculate the greatest common factor of 368 and 138.
46
Calculate the greatest common factor of 13002 and 330.
66
What is the greatest common divisor of 624 and 260?
52
What is the greatest common divisor of 8 and 2722?
2
Calculate the highest common divisor of 2525 and 50.
25
Calculate the highest common factor of 27522 and 396.
198
What is the highest common divisor of 5969 and 94?
47
Calculate the greatest common factor of 38 and 39254.
38
Calculate the greatest common divisor of 10 and 586.
2
What is the greatest common divisor of 5704 and 124?
124
Calculate the highest common factor of 266 and 182.
14
What is the highest common factor of 510 and 918?
102
What is the greatest common factor of 35 and 29435?
35
What is the greatest common divisor of 10 and 55?
5
What is the highest common factor of 48975 and 75?
75
Calculate the greatest common divisor of 84 and 1428.
84
Calculate the greatest common divisor of 888 and 48.
24
Calculate the greatest common factor of 4650 and 450.
150
Calculate the highest common factor of 483 and 21.
21
Calculate the highest common factor of 294 and 896.
14
Calculate the highest common divisor of 36 and 1494.
18
What is the greatest common factor of 22 and 3014?
22
What is the greatest common divisor of 36 and 32?
4
What is the highest common factor of 33 and 1947?
33
What is the greatest common factor of 4796 and 132?
44
What is the greatest common factor of 8785 and 14?
7
What is the greatest common factor of 3 and 883?
1
Calculate the greatest common divisor of 1 and 2366.
1
What is the highest common divisor of 11670 and 20?
10
What is the greatest common divisor of 29440 and 46?
46
Calculate the greatest common divisor of 48 and 252.
12
What is the greatest common factor of 22 and 2?
2
Calculate the greatest common factor of 2295 and 68.
17
Calculate the highest common factor of 310 and 74090.
310
Calculate the highest common factor of 299 and 559.
13
What is the greatest common factor of 60 and 4800?
60
Calculate the highest common factor of 208 and 37232.
208
Calculate the highest common divisor of 19525 and 33.
11
Calculate the highest common divisor of 55 and 15.
5
What is the greatest common factor of 17 and 17?
17
Calculate the highest common factor of 1950 and 2.
2
Calculate the greatest common divisor of 29 and 3103.
29
Calculate the highest common factor of 57 and 9804.
57
Calculate the highest common divisor of 65 and 7033.
13
Calculate the highest common factor of 63 and 35.
7
What is the highest common factor of 24 and 54?
6
What is the highest common divisor of 540 and 3?
3
Calculate the greatest common factor of 348 and 2059.
29
Calculate the greatest common divisor of 92 and 28.
4
Calculate the greatest common factor of 105 and 420.
105
Calculate the greatest common divisor of 17 and 119.
17
What is the highest common divisor of 4719 and 39?
39
What is the highest common factor of 45 and 27315?
45
Calculate the highest common divisor of 135 and 20385.
135
What is the highest common factor of 180 and 1008?
36
Calculate the greatest common factor of 3508 and 8.
4
Calculate the highest common factor of 24 and 8.
8
Calculate the highest common divisor of 225 and 135.
45
Calculate the highest common factor of 522 and 126.
18
What is the highest common factor of 810 and 6?
6
What is the greatest common divisor of 5 and 31870?
5
What is the greatest common factor of 1375 and 11?
11
What is the highest common divisor of 632 and 32?
8
Calculate the greatest common factor of 136 and 731.
17
What is the greatest common factor of 48 and 21?
3
What is the highest common divisor of 52 and 65?
13
Calculate the highest common divisor of 30 and 1245.
15
What is the highest common factor of 62 and 155?
31
Calculate the h